of 9215556 and 3999?
93
Calculate the greatest common divisor of 8311816 and 214328.
2936
What is the highest common factor of 769043 and 390335?
1661
Calculate the highest common divisor of 30602 and 1246336.
2782
What is the greatest common factor of 2353 and 7271132?
181
Calculate the greatest common factor of 4477844 and 140.
28
Calculate the greatest common factor of 1080 and 3538530.
90
Calculate the greatest common factor of 7525 and 49525.
175
Calculate the greatest common divisor of 8786587 and 3362.
1681
Calculate the greatest common divisor of 9628174 and 244093.
551
Calculate the greatest common divisor of 142514985 and 3.
3
What is the highest common divisor of 30 and 22723770?
30
Calculate the greatest common factor of 24837408 and 5518.
178
Calculate the highest common factor of 1725 and 6446175.
75
What is the highest common divisor of 1997361 and 1953?
279
What is the highest common factor of 6660430 and 870?
290
Calculate the highest common divisor of 1 and 2835449.
1
Calculate the greatest common factor of 152 and 13415816.
8
What is the highest common factor of 2675 and 1315458?
107
Calculate the highest common factor of 22093206 and 96.
6
Calculate the highest common divisor of 87896893 and 14.
7
Calculate the greatest common factor of 86603790 and 5824.
182
What is the greatest common factor of 40091557 and 8305?
1661
What is the greatest common divisor of 1689135 and 315?
105
What is the greatest common factor of 25424 and 251743?
227
What is the highest common divisor of 65798380 and 80?
20
What is the greatest common divisor of 82174010 and 14170?
1090
What is the highest common divisor of 3724 and 8588?
76
Calculate the greatest common divisor of 45453 and 2177157.
417
What is the highest common divisor of 368 and 372669?
23
What is the highest common factor of 18101950 and 10?
10
What is the highest common factor of 1141265 and 1301460?
995
What is the greatest common divisor of 266508 and 56285009?
7403
Calculate the greatest common factor of 26 and 32395129.
13
What is the highest common factor of 79478 and 4488074?
1622
What is the highest common divisor of 5408 and 4708?
4
What is the greatest common factor of 81110138 and 5788?
2894
What is the greatest common factor of 276672 and 6752?
32
What is the greatest common factor of 735070 and 15274?
14
What is the highest common divisor of 348 and 3148044?
12
Calculate the highest common factor of 285224 and 102616.
808
What is the greatest common factor of 77280519 and 159?
159
Calculate the greatest common factor of 3366425 and 10.
5
Calculate the highest common factor of 959 and 334649.
7
Calculate the greatest common divisor of 3825516 and 84.
12
What is the greatest common factor of 480 and 71870016?
96
Calculate the highest common divisor of 1996391 and 72.
1
What is the highest common divisor of 511969 and 754874?
3737
What is the highest common factor of 25865 and 2887273?
739
What is the greatest common divisor of 33 and 559768?
11
Calculate the greatest common divisor of 631776234 and 6.
6
What is the highest common divisor of 7203 and 36291?
3
What is the highest common factor of 3336894 and 1634?
38
What is the highest common factor of 1684881 and 91419?
93
Calculate the highest common factor of 4 and 101595892.
4
What is the highest common divisor of 13661385 and 10209?
249
What is the highest common factor of 4 and 227459850?
2
What is the highest common divisor of 2072921 and 2047?
23
What is the highest common factor of 55 and 7909737?
11
Calculate the greatest common divisor of 1269 and 40061484.
423
Calculate the highest common divisor of 2155 and 17459810.
2155
What is the highest common divisor of 29512 and 331072?
56
Calculate the greatest common divisor of 30112 and 72392.
8
What is the highest common factor of 18876 and 2616988?
484
Calculate the greatest common divisor of 7488691 and 35793.
3977
Calculate the highest common divisor of 427110 and 2560.
10
Calculate the highest common divisor of 24115 and 116117435.
1855
Calculate the greatest common factor of 1 and 12199883.
1
What is the highest common divisor of 44658 and 554090?
1654
Calculate the greatest common factor of 96338 and 68759058.
8758
What is the greatest common divisor of 1978047 and 172935?
1647
What is the highest common divisor of 696602 and 46238?
758
Calculate the greatest common divisor of 1117 and 1628696583.
1117
What is the highest common factor of 1417 and 1319231251?
1417
What is the greatest common divisor of 21057288 and 690032?
5656
What is the highest common factor of 1792 and 1368894464?
1792
What is the highest common factor of 7425 and 20178400?
275
Calculate the greatest common divisor of 21290 and 147392799.
2129
What is the highest common divisor of 384251 and 459?
17
Calculate the highest common factor of 30355 and 221585.
65
Calculate the highest common divisor of 1092000 and 1583500.
500
What is the greatest common divisor of 72 and 137693976?
24
What is the highest common factor of 119712 and 125301054?
7482
What is the highest common factor of 198368 and 5944?
8
What is the highest common divisor of 30180106 and 11179?
1597
What is the greatest common factor of 26277634 and 1494?
166
What is the greatest common divisor of 4839 and 186930?
3
Calculate the greatest common factor of 219472 and 895862.
946
Calculate the highest common factor of 322680303 and 7029.
7029
What is the greatest common divisor of 799869 and 3444?
861
What is the greatest common factor of 620 and 7981570?
310
Calculate the highest common factor of 109684 and 646.
34
Calculate the highest common factor of 458867 and 754.
29
What is the greatest common divisor of 486 and 364410?
18
What is the greatest common divisor of 6120 and 65445?
15
What is the greatest common factor of 300 and 5432430?
30
What is the highest common factor of 14304571 and 1?
1
Calculate the highest common factor of 106141380 and 165.
15
Calculate the highest common factor of 467489 and 66.
11
What is the highest common factor of 153773 and 5337648?
367
Calculate the highest common factor of 16469330 and 40.
10
What is the highest common factor of 5846126 and 2288?
286
Calculate the greatest common factor of 333595 and 87680.
685
Calculate the highest common factor of 367418780 and 80.
20
What is the highest common factor of 26 and 631643103?
13
Calculate the highest common divisor of 4645 and 57824676.
929
What is the highest common divisor of 30634 and 609501?
289
What is the greatest common divisor of 286748 and 185801?
1463
Calculate the greatest common divisor of 8 and 647695.
1
What is the highest common divisor of 3277253 and 16093?
133
Calculate the greatest common factor of 7265440 and 28080.
1040
Calculate the highest common factor of 980754363 and 129.
129
What is the greatest common divisor of 861946 and 420728?
1366
What is the highest common divisor of 571536 and 8232?
1176
Calculate the highest common factor of 17262 and 1676934.
126
What is the greatest common divisor of 20645715 and 1206?
201
What is the greatest common factor of 2 and 4001878?
2
What is the highest common divisor of 20599480 and 1540?
220
What is the greatest common divisor of 1536 and 19951872?
768
What is the greatest common divisor of 2710764 and 1395?
279
Calculate the greatest common divisor of 1943 and 131465859.
67
Calculate the highest common factor of 6331939 and 5564.
107
What is the greatest common factor of 903636 and 274500?
36
Calculate the greatest common divisor of 65 and 19232837.
13
Calculate the highest common divisor of 88181494 and 184.
46
What is the greatest common factor of 29450 and 1337650?
1550
Calculate the greatest common divisor of 18758875 and 14523.
4841
What is the greatest common factor of 8912 and 178871638?
1114
Calculate the greatest common factor of 26466 and 45177.
33
Calculate the highest common factor of 5490439 and 268685.
1853
Calculate the highest common factor of 1600 and 351425.
25
What is the greatest common factor of 27125 and 24695375?
3875
What is the highest common divisor of 144775 and 7025?
25
Calculate the highest common divisor of 508503591 and 2463.
2463
What is the highest common divisor of 12792 and 29483961?
1599
What is the highest common factor of 184 and 12336